5
Let x(t) = -t**3 - 127*t**2 - 125*t + 104. Determine x(-126).
-22
Let c(f) = 3*f**3 - 65*f**2 - 20*f - 8. Determine c(22).
36
Let q(d) = 3*d**2 + 54*d + 104. What is q(-16)?
8
Let v(p) = p**2 - 16*p - 1. Give v(23).
160
Let d(f) = -f**3 - 29*f**2 + 64*f - 58. Give d(-31).
-120
Let u(j) = 90*j + 1354. Give u(-15).
4
Let p(c) = -c**3 + 15*c**2 + 542*c + 46. What is p(32)?
-18
Let f(q) = -6*q**2 - 89*q + 44. Determine f(-14).
114
Let x(k) = -1185*k - 11850. What is x(-10)?
0
Let s(l) = l**3 - 7*l**2 - 77*l + 276. Give s(4).
-80
Let z(a) = 40*a + 3326. Give z(-83).
6
Let j(q) = -6*q**3 - 6*q**2 - 9*q - 37. Calculate j(-4).
287
Let h(r) = -2*r**2 - 235*r - 6741. Determine h(-49).
-28
Let i(s) = 29*s**2 - 87*s - 178. Calculate i(-2).
112
Let z(p) = -3*p**2 + 434*p - 2483. What is z(6)?
13
Let z(c) = 192*c - 9036. Give z(47).
-12
Let k(w) = w**2 + 22*w - 550. Calculate k(-35).
-95
Let g(y) = -17*y**2 + 185*y + 559. Calculate g(-3).
-149
Let n(b) = 23*b + 5. What is n(0)?
5
Let p(t) = 53*t**2 - 1377*t - 74. What is p(26)?
-48
Let u(x) = -74*x + 373. Give u(5).
3
Let y(j) = 67*j**3 - 3*j**2 + 3*j + 4. Calculate y(-1).
-69
Let d(g) = 22*g**2 - 357*g - 715. What is d(-2)?
87
Let k(n) = -7*n**2 - 8*n. Give k(3).
-87
Let k(x) = 63*x - 3878. Calculate k(61).
-35
Let n(m) = 60*m**2 - 108*m - 9. Calculate n(2).
15
Let i(c) = -c**3 + 50*c**2 - 17*c - 1564. Calculate i(49).
4
Let n(c) = -868*c - 145827. Determine n(-168).
-3
Let i(u) = -24*u - 841. Determine i(-26).
-217
Let o(z) = 2*z**2 + 679*z + 3984. Determine o(-6).
-18
Let h(c) = 214*c - 1330. What is h(6)?
-46
Let s(d) = 965*d - 31838. Determine s(33).
7
Let x(g) = -2*g**2 + 33*g + 105. Give x(-3).
-12
Let c(i) = i**2 + 28*i - 2804. What is c(40)?
-84
Let g(h) = -4*h**3 + 7*h**2 + 197*h - 6. What is g(-6)?
-72
Let w(c) = -c**3 + 10*c - 8. Calculate w(-5).
67
Let v(b) = -b**3 + 30*b**2 - 3*b - 35. Give v(30).
-125
Let v(b) = -141*b - 352. Give v(-4).
212
Let x(k) = -60*k - 556. What is x(-11)?
104
Let u(c) = -2*c**2 + 2493*c + 22520. What is u(-9)?
-79
Let c(n) = -n**2 - 46*n + 640. Determine c(11).
13
Let r(z) = -362*z + 1450. Determine r(4).
2
Let r(m) = 2*m**2 - 3043*m + 24214. Calculate r(8).
-2
Let f(x) = 677*x - 99510. Determine f(147).
9
Let j(s) = 159*s - 54. Determine j(3).
423
Let m(w) = -7*w**2 - 149*w - 780. Give m(-11).
12
Let h(z) = 5*z**3 - 5*z**2 + 8*z + 2. Give h(4).
274
Let s(b) = b**3 - 17*b**2 + 8*b - 23. What is s(17)?
113
Let g(t) = t**3 + 45*t**2 + 49*t + 195. Determine g(-44).
-25
Let w(j) = j**2 + 176*j + 6148. Give w(-48).
4
Let t(g) = -g**2 - 42*g - 406. Determine t(-18).
26
Let b(q) = 5*q + 139. What is b(-29)?
-6
Let d(k) = k**3 - 16*k**2 + 21*k - 44. Give d(10).
-434
Let y(q) = 2*q**3 - 96*q**2 + 9*q - 156. What is y(48)?
276
Let a(j) = -5*j**2 - 64*j - 375. Give a(-6).
-171
Let z(j) = 5271*j - 68525. Calculate z(13).
-2
Let t(u) = 994*u - 349882. What is t(352)?
6
Let v(k) = 313*k + 4070. Calculate v(-13).
1
Let s(y) = 26*y**2 + 99*y + 35. Calculate s(-3).
-28
Let w(c) = 195*c + 359. What is w(-2)?
-31
Let c(t) = -2*t**2 + 33*t + 28. Calculate c(13).
119
Let v(j) = j**3 + 23*j**2 - 44*j + 11. Determine v(-25).
-139
Let o(a) = a**3 + a**2 - 209*a - 2. Calculate o(14).
12
Let m(n) = 145*n + 855. Determine m(-6).
-15
Let i(s) = s**3 - 179*s**2 - 43*s + 7773. Determine i(179).
76
Let d(t) = 24*t**2 - t - 3. What is d(-4)?
385
Let k(s) = -s**2 - 43*s - 78. Calculate k(0).
-78
Let p(z) = z**2 - 39*z + 45. Give p(37).
-29
Let w(l) = -6*l - 77. Give w(-13).
1
Let y(s) = s**3 + 21*s**2 + 48*s + 121. Calculate y(-19).
-69
Let c(u) = -u**3 + 13*u**2 + 32*u - 37. Determine c(15).
-7
Let p(s) = -10*s**2 + 637*s + 175. Give p(64).
-17
Let m(v) = v**3 - v**2 - 11*v - 80. Determine m(0).
-80
Let g(l) = 2*l**2 - 1028*l + 35300. Calculate g(37).
2
Let d(w) = 66*w**2 + 94*w + 1. What is d(0)?
1
Let t(s) = 101*s**2 + 1918*s - 18. Calculate t(-19).
1
Let j(d) = -508*d - 2542. Give j(-5).
-2
Let a(o) = 110*o + 653. Give a(-6).
-7
Let w(g) = g**3 - 27*g**2 - 238*g - 33. Calculate w(34).
-33
Let j(a) = a**2 - 494*a + 7174. Give j(15).
-11
Let f(a) = -12951*a - 38854. What is f(-3)?
-1
Let p(v) = 8*v**2 - 82*v + 131. Give p(8).
-13
Let s(d) = -d + 18. Calculate s(6).
12
Let s(z) = -z**3 - 15*z**2 + 100*z - 2. What is s(-20)?
-2
Let m(b) = -2*b**3 - 16*b**2 - 43*b - 8. What is m(-7)?
195
Let k(o) = 46*o + 536. Determine k(-12).
-16
Let i(y) = 5*y**3 + 2*y**2 + y - 2. Determine i(-2).
-36
Let r(w) = w**2 - 87*w - 659. Calculate r(94).
-1
Let d(i) = 2*i**2 - 2*i - 41. What is d(0)?
-41
Let i(g) = g**3 - 33*g**2 + 96*g - 176. Calculate i(30).
4
Let p(b) = -67*b + 606. Calculate p(9).
3
Let i(g) = -19*g + 477. Give i(25).
2
Let f(r) = 2*r**3 + 6*r**2 + 33*r + 21. Determine f(-6).
-393
Let t(u) = -u**3 - 175*u**2 + 1843*u - 1263. Determine t(-185).
32
Let z(p) = -10*p**3 + 19*p - 58. Calculate z(3).
-271
Let q(s) = -4*s**2 - 17*s - 78. Determine q(-9).
-249
Let t(h) = -4*h**2 - 24*h + 80. What is t(4)?
-80
Let t(a) = a**2 + 17*a - 66. What is t(-20)?
-6
Let a(v) = 20*v - 168. Determine a(13).
92
Let h(x) = -185*x + 193. Determine h(1).
8
Let g(p) = -3*p**2 + 50*p - 42. Calculate g(17).
-59
Let i(w) = 6*w**2 + 120*w - 262. Give i(2).
2
Let f(y) = 7*y**2 + 25*y - 27. Give f(-7).
141
Let z(i) = -4*i**2 + 159*i - 1555. What is z(22)?
7
Let n(h) = -594*h + 15389. Give n(26).
-55
Let s(m) = -23*m - 1850. What is s(-78)?
-56
Let b(h) = h**2 - 13*h - 29. Give b(-3).
19
Let i(l) = -571*l**3 + 9*l**2 + 11*l + 3. Calculate i(-1).
572
Let y(b) = 15*b + 153. What is y(-16)?
-87
Let z(w) = w**2 + 22*w + 102. Calculate z(-11).
-19
Let o(i) = -i**3 + 283*i**2 - 3771*i + 77. What is o(14)?
7
Let c(a) = -2*a**2 - 269*a - 713. Give c(-132).
-53
Let a(u) = u**2 + 317*u + 17115. What is a(-69)?
3
Let g(x) = x**3 + 10*x**2 - 20*x - 6. Determine g(-5).
219
Let r(t) = 305*t + 1518. What is r(-5)?
-7
Let g(a) = -3*a**3 + 9*a**2 + 19*a - 45. Give g(4).
-17
Let g(t) = 373*t + 7893. Calculate g(-21).
60
Let x(h) = h**3 - 9*h**2 + 32*h - 226. Give x(7).
-100
Let g(y) = y**3 - 7*y**2 - 9*y + 22. Determine g(7).
-41
Let x(y) = -245*y + 259. Give x(2).
-231
Let v(n) = 1038*n + 9314. Give v(-9).
-28
Let i(h) = -5*h**2 - 53*h - 125. What is i(-7)?
1
Let f(i) = -14*i**2 - 339*i - 672. Calculate f(-2).
-50
Let d(j) = 2*j**3 + 14*j**2 - 394*j - 27. Give d(11).
-5
Let q(x) = -x**3 - 22*x**2 - 123*x - 2. Determine q(-11).
20
Let q(y) = y**2 + 159*y + 623. Give q(-4).
3
Let d(y) = 25*y - 434. Give d(17).
-9
Let g(m) = m**2 - 111*m + 2606. What is g(34)?
-12
Let r(p) = 2*p**3 + 46*p**2 - 214*p + 55. Determine r(-27).
1
Let i(c) = c**2 - 33*c - 339. Give i(-10).
91
Let w(d) = 2*d**3 + 12*d**2 - 28*d + 19. Give w(-8).
-13
Let x(z) = -13*z**2 - 5*z - 9. Give x(-2).
-51
Let h(j) = -11*j**2 - 23*j + 3. Give h(-2).
5
Let a(w) = -w**2 - 2*w + 11. Calculate a(-11).
-88
Let l(a) = 652*a - 2615. Calculate l(4).
-7
Let g(n) = n**2 - 141*n + 323. What is g(139)?
45
Let p(z) = -3*z**2 - 41*z - 125. Determine p(-5).
5
Let f(c) = -c**3 + 26*c**2 + 6*c + 23. Give f(25).
798
Let q(r) = -1271*r - 11431. What is q(-9)?
8
Let k(j) = 2166*j + 8670. Determine k(-4).
6
Let f(p) = -163*p - 4074. Calculate f(-25).
1
Let n(g) = -1039*g + 4160. Determine n(4).
4
Let b(o) = -3*o**2 - 164*o + 252. What is b(-56)?
28
Let f(h) = -3929*h + 27508. Calculate f(7).
5
Let v(i) = 3*i**2 + 48*i + 427. Give v(-18).
535
Let t(u) = -207*u**2 - 20499*u - 598. What is t(-99)?
-4
Let q(t) = 349*t + 1041. What is q(-3)?
-6
Let x(c) = 6*c**2 + 262*c - 97. Determine x(-44).
-9
Let x(n) = -n**2 - 445*n - 443. Give x(-1).
1
Let l(x) = -x**2 - 22*x + 10. What is l(-7)?
115
Let g(h) = 3*h**2 - 80*h + 330. Give g(5).
5
Let f(p) = p**3 - 12*p**2 - 85*p + 5. Calculate f(17).
5
Let i(t) = 2*t**3 - 43*t**2 + 192*t - 1. Calculate i(6).
35
Let x(p) = 135*p - 10. Determine x(3).
395
Let n(c) = 230*c + 911. What is n(-4)?
-9
Let d(k) = -23*k + 326. What is d(14)?
4
Let z(j) = 115*j + 11516. What is z(-100)?
16
Let d(n) = -n**2 - 214*n - 6124. What is d(-34)?
-4
Let c(y) = -359*y + 49. Calculate c(-2).
767
Let y(t) = t**2 + 25*t + 127. What is y(-7)?
1
Let x(i) = i**3 - 95*i - 12. Determine x(11).
274
Let z(v) = v**3 + 7*v**2 + 10*v + 36. Determine z(-6).
12
Let n(t) = -28844*t - 86520. Calculate n